v) = -v**3 - 4*v**2 + 2*v - 9. What is h(0)?
-9
Let u(t) = -t - 4. Calculate u(-13).
9
Let m(u) = 4*u**2 - 36*u - 38. Determine m(10).
2
Let c(x) = 32*x**2 - 7*x - 6. Calculate c(-2).
136
Let g(o) = -o**2 - 34*o + 30. What is g(-35)?
-5
Let k(f) = -f**3 + 6*f**2 - 5*f - 10. Give k(4).
2
Let y(p) = p**2 - 8*p + 7. What is y(7)?
0
Let d(o) = -2*o**3 + 12*o**2 + 5*o - 25. Calculate d(6).
5
Let q(d) = -d**3 + 8*d**2 - 4*d + 9. Determine q(7).
30
Let h(k) = -k**3 + 14*k**2 - 14*k - 1. What is h(0)?
-1
Let j(s) = 2*s**2 - 87*s + 41. Determine j(43).
-2
Let x(b) = 5*b + 8. Give x(-4).
-12
Let h(c) = -c**3 - 44*c**2 + 47*c + 91. Calculate h(-45).
1
Let s(p) = -p**3 - 4*p**2 - 12*p - 21. Determine s(-3).
6
Let m(c) = c**3 - 4*c**2 + 8*c - 2. Give m(3).
13
Let m(u) = u**3 - 17*u**2 + 26*u + 61. What is m(15)?
1
Let j(n) = -5*n - 43. Give j(-8).
-3
Let k(n) = n**2 + 23*n - 5. Determine k(-23).
-5
Let z(l) = l**2 + 9*l - 2. Determine z(-8).
-10
Let g(z) = -19*z - 97. Calculate g(-9).
74
Let f(d) = d**3 - 3*d**2 - 9*d + 15. What is f(4)?
-5
Let a(i) = 14*i**2 + 8*i + 8. What is a(-1)?
14
Let g(n) = -19*n + 73. Determine g(8).
-79
Let r(n) = n**2 + 5*n + 2. Calculate r(-3).
-4
Let x(d) = -d**3 + 13*d**2 + 29*d + 21. What is x(15)?
6
Let t(a) = a**3 - 4*a - 3. Give t(3).
12
Let a(j) = 10*j - 29. Give a(13).
101
Let p(h) = -h**2 + 6*h - 9. Determine p(8).
-25
Let d(c) = c**2 + 8*c - 69. Give d(-13).
-4
Let m(k) = k**3 + 7*k**2 + 6*k. Determine m(-6).
0
Let w(i) = i**3 + 8*i**2 + 8*i + 24. What is w(-7)?
17
Let m(s) = s**2 - 28*s + 107. Give m(24).
11
Let a(u) = u**3 - 9*u**2 + 6*u - 11. Give a(4).
-67
Let z(a) = 4*a + 12. Determine z(-7).
-16
Let w(k) = -k + 19. Give w(-9).
28
Let n(p) = p**3 - 7*p**2 - 5*p - 11. Give n(8).
13
Let v(f) = 7*f**3 + 4*f**2 - 35*f - 38. Give v(-1).
-6
Let b(q) = q**2 + 38*q + 216. Calculate b(-31).
-1
Let o(s) = -4*s**3 - 7*s - 14. Give o(-2).
32
Let v(g) = g**2 + g - 15. Calculate v(-5).
5
Let n(g) = -2*g**2 + g - 5. Give n(-3).
-26
Let v(z) = -8*z + 17. Determine v(1).
9
Let f(j) = 2*j**2 + 2*j - 22. Determine f(-4).
2
Let t(a) = -a**3 + a**2 + a - 10. Calculate t(3).
-25
Let k(l) = -7*l - 94. What is k(-8)?
-38
Let b(z) = -2*z + 35. Give b(6).
23
Let g(r) = 5*r + 6. Give g(-3).
-9
Let t(a) = 2*a**3 + 3*a**2 - 2*a - 2. Calculate t(2).
22
Let j(x) = x**2 + 7*x - 9. Determine j(-6).
-15
Let b(p) = p**2 + 13*p + 44. Calculate b(-8).
4
Let t(h) = -2*h**2 + 9*h + 70. What is t(-4)?
2
Let t(k) = -k**3 + 6*k**2 + 9*k - 2. Give t(7).
12
Let a(k) = -3*k**2 - 3*k - 6. Determine a(0).
-6
Let u(a) = a**2 + a + 5. Give u(-8).
61
Let c(j) = j**3 - 5*j**2 + j - 3. Calculate c(4).
-15
Let c(y) = -y**3 + 19*y**2 - 17*y - 24. What is c(18)?
-6
Let i(v) = -5*v - 5. Calculate i(-2).
5
Let r(u) = u**2 + 4*u - 14. Determine r(-7).
7
Let v(o) = -4*o - 29. Calculate v(-6).
-5
Let m(y) = y**2 - 18*y + 29. Calculate m(15).
-16
Let h(t) = -t**3 - 10*t**2 - 13*t - 31. Give h(-9).
5
Let z(k) = -k**2 + 12*k + 7. What is z(12)?
7
Let x(b) = 20*b**2 - 5*b - 6. Calculate x(-1).
19
Let x(c) = -6*c - 31. Determine x(-5).
-1
Let t(k) = k**3 - 12*k**2 + 2*k + 20. Determine t(12).
44
Let j(f) = -78*f + 215. Give j(3).
-19
Let j(f) = -15*f - 2. Give j(3).
-47
Let t(s) = -s**2 + 3*s + 2. Determine t(-2).
-8
Let x(m) = -12*m**2 + 3*m + 4. What is x(3)?
-95
Let l(m) = -m**3 + 5*m**2 + 2*m - 8. Determine l(7).
-92
Let d(o) = -o + 8. Give d(6).
2
Let h(j) = 4*j + 31. Calculate h(-9).
-5
Let j(c) = -5*c - 113. Give j(-25).
12
Let z(a) = -a**3 - 4*a**2 + 4*a - 11. Give z(-5).
-6
Let y(a) = -2*a**2 + 31*a + 53. What is y(17)?
2
Let t(b) = b - 19. Determine t(12).
-7
Let x(m) = -m - 7. Determine x(4).
-11
Let y(u) = 2*u - 1. Determine y(-5).
-11
Let o(z) = -z + 9. Give o(-5).
14
Let n(f) = -5*f - 27. Determine n(-4).
-7
Let o(r) = 19*r**2 + 2*r + 1. Calculate o(-2).
73
Let r(t) = 2*t**2 - 24*t + 6. Determine r(12).
6
Let d(y) = -y + 3. What is d(10)?
-7
Let o(t) = t**2 + 17*t + 38. Calculate o(-16).
22
Let s(x) = -8*x + 13. Give s(0).
13
Let m(y) = y**2 - 59*y + 178. What is m(56)?
10
Let b(v) = -v**2 - 21*v + 14. Calculate b(-21).
14
Let r(j) = -7*j - 1. Calculate r(5).
-36
Let j(s) = s**3 - 14*s**2 - 30*s - 26. Give j(16).
6
Let h(f) = -f**2 + 2*f - 2. What is h(6)?
-26
Let t(c) = -7*c**2 + c + 2. Determine t(-2).
-28
Let x(p) = -2*p**2 + 2*p + 21. Calculate x(-6).
-63
Let j(n) = 2*n**3 - 10*n**2 - n + 3. Calculate j(3).
-36
Let u(k) = -k**3 - 8*k**2 + 7*k + 7. Determine u(-9).
25
Let l(o) = o**3 + 20*o**2 + 49*o - 31. Calculate l(-17).
3
Let y(s) = s**3 - 9*s**2 + 7*s + 4. Determine y(8).
-4
Let f(h) = -h**3 + h**2 + 8*h - 3. Calculate f(3).
3
Let g(y) = 2*y**3 + 12*y**2 - 18*y - 19. What is g(-7)?
9
Let v(p) = -p**2 + 18*p - 9. What is v(18)?
-9
Let g(b) = -3*b - 29. What is g(18)?
-83
Let h(a) = -2*a**2 + 16*a + 7. Determine h(8).
7
Let q(d) = -d**3 - 2*d**2 + 3*d + 4. Determine q(0).
4
Let p(o) = -50*o - 197. Determine p(-4).
3
Let a(y) = 6*y + 7. Calculate a(4).
31
Let q(f) = -188*f + 1499. Give q(8).
-5
Let q(k) = -k**3 - 12*k**2 + 14*k + 13. Determine q(-13).
0
Let t(x) = x**3 - 6*x**2 + 4*x - 5. Give t(5).
-10
Let s(v) = 11*v + 11. Give s(5).
66
Let m(h) = h**3 + 3*h**2 - 19*h - 6. What is m(-6)?
0
Let r(o) = 6*o**2 + 281*o - 52. Calculate r(-47).
-5
Let c(j) = 15*j. Determine c(-1).
-15
Let z(q) = q**3 + 6*q**2 - q - 3. Calculate z(-6).
3
Let i(o) = -8*o - 99. Calculate i(-12).
-3
Let i(d) = -16*d - 102. Determine i(-6).
-6
Let k(x) = 4*x**2 + 6*x - 8. Calculate k(-4).
32
Let r(s) = 2*s**2 - s - 2. Calculate r(2).
4
Let p(n) = n**3 + 7*n**2 + 5*n - 1. Determine p(-6).
5
Let b(p) = -p**2 - 23*p - 21. Calculate b(-22).
1
Let f(u) = -6*u + 59. Calculate f(11).
-7
Let r(y) = -2*y + 13. Calculate r(-8).
29
Let a(v) = -v**3 + 4*v**2 + 6*v - 4. Give a(4).
20
Let w(q) = q**2 - 16*q - 34. What is w(16)?
-34
Let r(i) = 26*i - 68. What is r(3)?
10
Let v(d) = d**3 - 5*d**2 - 7*d + 9. Calculate v(6).
3
Let h(m) = m**2 - 4*m - 6. Give h(-5).
39
Let r(b) = b**2 - 6*b - 5. What is r(7)?
2
Let a(f) = f**2 - 5*f + 12. What is a(0)?
12
Let k(g) = g + 9. Determine k(-13).
-4
Let m(t) = -2*t - 37. Determine m(-15).
-7
Let d(v) = 99*v - 3. What is d(-1)?
-102
Let n(i) = i**2 - 3*i + 3. Calculate n(5).
13
Let g(u) = -3*u**2 - 2*u + 3. Give g(-3).
-18
Let a(j) = -2*j**2 - 85*j - 123. Calculate a(-41).
0
Let h(c) = c**2 + 9*c + 17. Determine h(-6).
-1
Let n(p) = 2*p - 75. Determine n(0).
-75
Let o(j) = 2*j + 31. Give o(-8).
15
Let n(r) = 3*r**3 + 3*r**2 + r - 3. Determine n(-3).
-60
Let h(b) = -b**2 + 19*b - 53. Determine h(12).
31
Let g(v) = -15*v**3 + v**2 - v. Calculate g(-1).
17
Let v(c) = -6*c**2 + 22*c + 14. Give v(4).
6
Let d(a) = -a**2 - 7*a + 5. Give d(-4).
17
Let n(d) = 3*d**3 - 3*d**2 + 3*d - 2. What is n(2)?
16
Let s(x) = -x**2 + 3*x + 14. What is s(0)?
14
Let b(q) = q**2 - 15*q - 57. Determine b(-5).
43
Let b(h) = h**3 - 11*h**2 + 27*h + 18. Determine b(6).
0
Let y(b) = -b**3 + b**2 + 4*b + 6. Determine y(-2).
10
Let z(n) = -n**2 - 27*n - 25. What is z(-24)?
47
Let n(l) = 2*l - 36. Determine n(19).
2
Let u(i) = -i**3 - 2*i**2 + 4*i - 2. Determine u(2).
-10
Let g(o) = 2*o**2 + 58*o - 14. What is g(-29)?
-14
Let r(f) = -f**3 + 24*f**2 + 19*f + 57. Give r(25).
-93
Let v(o) = o**2 - 16*o - 40. Determine v(18).
-4
Let n(l) = -l + 18. Calculate n(0).
18
Let z(s) = -s**3 + 3*s + 5. What is z(3)?
-13
Let x(p) = p**3 - 5*p**2 + 12*p - 41. Determine x(4).
-9
Let b(i) = -7*i**3 - i**2 + 3*i - 1. Give b(2).
-55
Let c(m) = 3*m**2 + 26*m - 10. Calculate c(-9).
-1
Let u(v) = 3*v - 16. Calculate u(10).
14
Let g(h) = h**2 - 21*h + 81. Determine g(8).
-23
Let m(z) = -2*z**2 - 10*z + 6. Give m(-8).
-42
Let u(d) = -14*d - 2. Give u(0).
-2
Let n(h) = -40*h - 12. Give n(-1).
28
Let b(s) = -2*s**2 - 3*s + 4. Determine b(-4).
-16
Let o(u) = -68*u + 136. Calculate o(2).
0
Let m(j) = 39*j - 3. Calculate m(2).
75
Let u(l) = 2*l - 12. Determine u(10).
8
Let m(s) = 81*s**3 - 2*s**2 + 1. What is m(1)?
80
Let r(c) = -c**2 - 18*c - 13. Give r(-17).
4
Let n(p) = -17*p + 18. What is n(5)?
-67
Let q(o) = -o**3 - o + 2. What is q(0)?
2
Let l(y) = -y**2 - 24*y + 41. Give l(-24).
41
Let f(x) = -13*x**3 + 2*x + 1. What is f(-1)?
12
Let o(c) = -6*c + 70. What is o(12)?
-2
Let u(n) = 16*n - 15. Give u(2).
17
Le